. Suppose -q + 5*c - r = 0, 5*c - 20 = -4*q - q. Let l(n) = -n**3 + 2*n**2 + n. What are the prime factors of l(q)?
2
Let b = 2 + 0. Suppose g + b*g - 39 = 0. Let a = g + -4. What are the prime factors of a?
3
Let y(b) be the first derivative of 7/2*b**2 - 2*b + 2. What are the prime factors of y(2)?
2, 3
Let b be (98/21)/(1/3). Let q = b - 8. What are the prime factors of q?
2, 3
Let m = 23 + 4. Suppose 0 = -3*j - 0*j + m. List the prime factors of j.
3
Suppose -14*b - 180 = -19*b. List the prime factors of b.
2, 3
Suppose -4*c = -c + 3. Let s be c/(-3) + (-168)/(-9). Suppose 13 + s = 4*o. What are the prime factors of o?
2
Let p = 103 + -44. List the prime factors of p.
59
Let b(m) be the third derivative of m**4/8 - m**3/6 + m**2. Let q = -9 - -13. What are the prime factors of b(q)?
11
List the prime factors of (-2)/(-6) + 786/18.
2, 11
Suppose p = 27 + 12. What are the prime factors of p?
3, 13
Suppose 0 = -i - 10 + 30. What are the prime factors of i?
2, 5
Let m = 8 - 6. Suppose -25 = -m*y - 3*y. What are the prime factors of y?
5
Let o = 165 - 117. List the prime factors of o.
2, 3
Suppose -6*l + 3 = 3*g - 4*l, -g - 4*l + 1 = 0. Suppose 0 = 4*b - 5*a - 5 - 67, 0 = 3*a. What are the prime factors of b + -4 + (-1 - g)?
2, 3
Suppose 4 = -r + 11. Suppose 0 = 2*v, -2*x + 2*v + r = -3. What are the prime factors of x?
5
Suppose m = 4*p + 12, -6*m + 5*p + 26 = -2*m. Suppose 8 = 4*x - m*w - 0*w, 3*x = 2*w + 10. List the prime factors of x.
2, 3
Let d be (-238)/10 - (-3)/(-15). Let k = -15 - d. List the prime factors of k.
3
Let d = -5 - -7. Let n = d + 0. Suppose 4*x + 1 = n*i - 21, -3*i + 25 = -2*x. List the prime factors of i.
7
Let v = -1 + 5. Suppose 2*x - v = x. Let q = x - 1. What are the prime factors of q?
3
Let c(w) = -w**2 - 3*w + 2. Let g = -4 + 4. Let z be 0 + g + -2 + 0. List the prime factors of c(z).
2
Suppose 0 = 3*p - 213 - 414. List the prime factors of p.
11, 19
Let i(c) = -c + 2. Let a be i(2). Suppose 0 = 3*o - 5*o + 8, 2*v - 5*o = a. What are the prime factors of v?
2, 5
Suppose z - 11 = 3. Suppose 0 = -3*q + q + z. List the prime factors of q.
7
Let z(g) = g**3 - 8*g**2 - 7*g - 6. Let n be z(9). Suppose -7*a = -9*a + n. What are the prime factors of a?
2, 3
Let b be ((-4)/(-6))/((-2)/(-12)). Suppose 0 = -3*w + 4*m + 20, -b*w + 8 = -3*w - 2*m. What are the prime factors of (-29)/(-2) + w/(-8)?
2, 7
Let u(s) = -s + 6. Let i(d) = -d + 5. Let t(y) = -5*i(y) + 4*u(y). Let r be t(4). Suppose o = -5*g + r*o + 80, 4*o = g - 34. List the prime factors of g.
2, 7
Suppose -97 + 7 = -5*v. Suppose -z - 45 = -5*n + 57, -n + v = -z. What are the prime factors of n?
3, 7
Let k(t) = t**3 - 6*t**2 + 7*t - 5. Let a be 0 + 2 + (3 - 0). Let j be k(a). Suppose 3*x - 19 = -n, -n + 0 = j. What are the prime factors of x?
2
Let p be (4/(-5))/(4/(-30)). Let t be p*(-5)/(15/(-12)). Suppose 4*j = 2*h + t, j + 7*h - 3*h = -12. What are the prime factors of j?
2
Suppose 0 = l + 67 - 208. What are the prime factors of l?
3, 47
Let r = 5 - 1. Let u be 136/(-22) + r/22. Let m = 28 + u. What are the prime factors of m?
2, 11
Let r be (10 - 1)*(-3)/(-9). Suppose 2*z - 2*q - 22 = 0, -z + 2*q = r*z - 46. What are the prime factors of z?
2, 3
Suppose 15 + 24 = g. Let s = g - 23. List the prime factors of s.
2
Let a(z) be the second derivative of z**4/12 - 2*z**3/3 - 3*z**2/2 + 4*z. What are the prime factors of a(7)?
2, 3
Suppose 10*f - 8*f - 322 = 0. List the prime factors of f.
7, 23
Let c(k) = 14*k + 3. What are the prime factors of c(5)?
73
Let q be (-1 + -2)/(-1) + 37. Suppose -115 = -3*g - q. Let l = -14 + g. List the prime factors of l.
11
Let b(f) be the first derivative of -f**4/4 + f**3/3 + f**2 + 2*f + 1. Let x be b(-2). Suppose 38 = 4*s - x. What are the prime factors of s?
2, 3
Suppose x + 3*x = 112. What are the prime factors of x?
2, 7
Suppose 3*p - 18 + 1 = -2*q, -3*q + 5*p + 16 = 0. Let c be 44/4 + -1*1. Let d = c - q. What are the prime factors of d?
3
Let f = -15 - -20. Suppose -f*z + 3*r = -61, -3*r + 23 = 5*z - 56. List the prime factors of z.
2, 7
What are the prime factors of (40/(-15))/(10/(-183))*5?
2, 61
Let n(r) = -6*r - 10 + 6*r**2 + 1 + r**3 + 2*r. What are the prime factors of n(-6)?
3, 5
Let y be 3*1*(4 - 3). What are the prime factors of 5*y*4/5?
2, 3
Let d(x) = 11*x - 6. Let k(g) = -17*g + 9. Let a = -3 - 5. Let n(r) = a*d(r) - 5*k(r). List the prime factors of n(-3).
2, 3
Suppose -5*u - 3*m - 50 = 0, 5*u + 3*m + 85 = 7*m. Let r = u + 18. What are the prime factors of r?
5
Let u = 207 - 142. What are the prime factors of u?
5, 13
Let z = 31 - 8. What are the prime factors of z?
23
Let r(j) = j - 3. Let p be r(7). Suppose -p*q + 13 = 5. What are the prime factors of q?
2
Suppose i - 12 = -4*s, -2 - 10 = -i + s. Suppose -2*j - 2*j = -i. Suppose 5*y + 49 = 4*o, -j*o + 3*y = -y - 37. What are the prime factors of o?
11
Let z(i) = 4*i**2 + 2*i. What are the prime factors of z(2)?
2, 5
Let f(q) = q**3 + 8*q**2 - 2*q - 4. Let p be f(-8). Suppose 2*s = -s + p. What are the prime factors of 60/27 - s/18?
2
Let j = -6 - -11. Suppose j*q = y - 35 - 20, -2*y + 65 = -q. List the prime factors of y.
2, 3, 5
Suppose 138 = 2*k + 2*k + 2*h, 2*h + 32 = k. Let f = 48 - k. What are the prime factors of f?
2, 7
Let x(t) = -t**2 + 6*t - 3. Suppose 0 = -3*o + 2*a, -4*o + 22 + 1 = 5*a. List the prime factors of x(o).
5
Let u(o) = 3*o**2 - 6*o + 13. List the prime factors of u(11).
2, 5, 31
Suppose 4*y - 3*y - 4*o - 79 = 0, -373 = -4*y - 3*o. What are the prime factors of y?
7, 13
Let x be 2 - (1 + -2)*1. What are the prime factors of 14/x - (-2)/6?
5
Let j(x) = -x - 6. Let q be j(-8). Suppose -q*g - 8 = -6*g. Suppose -d + 3*d - 3*n = 47, -g*d + 27 = n. What are the prime factors of d?
2
Suppose 5*p - 2*f + 11 = 0, p + 5*f + 6 = -7. Let t(b) = -b - 2. Let h be t(p). Let m = 6 + h. What are the prime factors of m?
7
Let k(z) = -1 - 5*z + 0*z**2 + 2*z**2 - 3*z**2. Let c be k(-6). Let y = c + 13. What are the prime factors of y?
2, 3
Let j(m) = 4*m**3 - 7*m**2 - 7*m - 14. Let r(u) = -u**3 + 1. Let i(k) = -j(k) - 3*r(k). List the prime factors of i(8).
3
Suppose 5*i - 353 = -3*a, 2*a - 250 = 6*i - 2*i. List the prime factors of a.
11
Suppose 2 = -v + 5. Let f = -4 + v. Let z = 4 + f. List the prime factors of z.
3
Let d = -3 - -3. Suppose d = 2*i - 12 - 26. What are the prime factors of i?
19
Suppose -l + 84 = -24. List the prime factors of l.
2, 3
Let a = 52 + -31. What are the prime factors of a?
3, 7
Suppose -5*t = 4*h - 555 + 25, 5*t - 10 = 0. What are the prime factors of h?
2, 5, 13
What are the prime factors of ((-240)/(-56))/(3/14)?
2, 5
What are the prime factors of 18/(-7)*(-5 - 16)?
2, 3
Let t(w) = -w**3 - w**2 - 2*w - 3. Let h be t(-2). Suppose -2*x - 78 = -h*x. What are the prime factors of x?
2, 13
Let d be 16 - -4 - (1 + -5). What are the prime factors of 2/1 + d/2?
2, 7
What are the prime factors of 0 + 1 - ((-28)/4)/1?
2
Let w(t) = -2*t + 8. List the prime factors of w(0).
2
Let l(c) = 34*c**2 + 4*c + 2. List the prime factors of l(-3).
2, 37
Let t(d) = -d**2 - 2*d + 57. List the prime factors of t(6).
3
Let r(x) = 1 + 9*x**2 + 1 + 0*x - 3 - 2*x. List the prime factors of r(-1).
2, 5
Suppose -3*h + 0*h + 15 = 0. Suppose 2*p + h = 3*p. What are the prime factors of p?
5
Let o(g) = g**2 - 12*g + 3. What are the prime factors of o(12)?
3
Let a(n) be the third derivative of -1/120*n**6 + 1/12*n**5 + 4/3*n**3 + 0 + 0*n - n**2 + 5/24*n**4. What are the prime factors of a(6)?
2
Suppose 2*o - 417 = 2*z + 3*z, -2*z = -3*o + 642. List the prime factors of o.
2, 3
Let j(x) = -12*x**2 + x + 4. Let u be j(3). Let b = 148 + u. List the prime factors of b.
47
Let m = -5 - -4. Let r = m + -16. Let o = -12 - r. List the prime factors of o.
5
List the prime factors of -12 - -14 - (0 - (388 - 1)).
389
Let d be (3 + -1)*3/(-2). Let t = d + 5. List the prime factors of t.
2
Suppose 5*f + 25 = 0, -2*b + 62 = -8*f + 4*f. What are the prime factors of b?
3, 7
Suppose -4*r - 4*v = 3 - 23, 2*r - v + 5 = 0. Let s(d) = -d + 5. What are the prime factors of s(r)?
5
Suppose 3 = -9*h + 8*h. List the prime factors of 4/(4/h) - -8.
5
What are the prime factors of 13 + (-2 - 0) + -4?
7
What are the prime factors of ((-64)/(-20))/((-12)/(-690))?
2, 23
List the prime f